6 = 3*q + w*c. Calculate the highest common divisor of 85 and q.
85
Let l = -2330 + 2365. Let r be -5 - -811 - ((5 - 3) + -1). What is the greatest common factor of l and r?
35
Suppose -125389 + 6157 = -27*k. What is the greatest common divisor of k and 32?
32
Suppose 0 = 2*z + 3*b - 212, -6*b = 8*z - 11*b - 644. Let c be (1 - 134/6)*-3. What is the highest common divisor of c and z?
8
Let r be 15478*((-13)/104)/((-15)/(-4) + -4). Calculate the highest common factor of r and 218.
109
Let o(u) = -148*u - 617. Let g be o(-5). What is the greatest common divisor of 1107 and g?
123
Suppose 3*o + 12 = 2*q, -3*o = -q - 5 + 17. Suppose 2*h = c - 24, q*c - 4*c + 2*h + 90 = 0. What is the highest common divisor of c and 275?
11
Let j(g) = 95*g**2 - 3*g + 4. Let n = 210 - 209. Let l be j(n). What is the highest common factor of l and 60?
12
Let b = -42 - -44. Suppose -m + 2 = -b. Suppose w = m*w - 108. Calculate the greatest common factor of 2 and w.
2
Let i(g) be the third derivative of -g**5/60 + 19*g**4/24 - 17*g**3/3 - 7*g**2 + 2*g. Let k be i(11). What is the highest common divisor of k and 12?
6
Suppose 0 = -5*s + 15, -3*q - 180 + 63 = -3*s. Let n be (-10)/(-8) + 9/q. Let h = 19 - 12. Calculate the highest common factor of n and h.
1
Let x be -5 + -3 - (-44 - 0). Let f be (-4 - -3)*2 - 393. Let k = f + 791. What is the highest common divisor of k and x?
36
Let w be 233 + (-10)/(-15)*9. Let n = 175 + w. What is the greatest common divisor of n and 36?
18
Suppose 0 = -2*y + 1202 + 6222. Calculate the highest common divisor of 58 and y.
58
Suppose 9*i - 4*i - 160 = 0. Let a = -186 + 234. What is the highest common factor of a and i?
16
Let w be (((-270)/(-9))/60)/(1/2364). Calculate the highest common factor of w and 6.
6
Let f be (2/4*12)/((-33)/506). Let a = f + 134. Let p be 6/2 + (-2 - -5). Calculate the highest common divisor of a and p.
6
Let f(s) = -2*s + 12 + 89*s**2 - 13 + 47*s**2. Let b be f(-1). Suppose 2*i = -4*o + 192, -5*i + b = 2*o + o. What is the greatest common factor of o and 7?
7
Let p = 10732 - 9212. Calculate the highest common divisor of 160 and p.
80
Let z(y) = y**3 - 7*y**2 + 6*y - 6. Let v be z(7). Suppose -104*k = -102*k - 18. What is the highest common factor of k and v?
9
Let l be 2/(-10) - (4/11 + (-681207)/935). What is the greatest common factor of 91 and l?
91
Let o = -19 + 21. Suppose -2*p = -11 + 1. Let n(s) = 2*s**2 - 10*s + 4. Let y be n(p). Calculate the highest common factor of y and o.
2
Let l be 9285/8 - (-75)/200. Calculate the greatest common factor of 27 and l.
27
Suppose 0 = 4*w + 32, 28*w = -g + 23*w + 103. What is the greatest common divisor of 5603 and g?
13
Let y = 1246 + -1134. What is the highest common divisor of 976 and y?
16
Let v be (-61)/(-9) + (-4)/(-18). Suppose 85 - 643 = 9*z. Let m = z - -69. What is the greatest common divisor of v and m?
7
Let r(s) = -s**2 + 3*s - 2. Let y be r(3). Let d(t) = 38*t - 1445. Let l be d(38). Let m be 10*6/24 - l/y. What is the greatest common divisor of m and 2?
2
Suppose 3 + 9 = 2*p + 3*b, -3*b + 12 = -5*p. Suppose 5*v + 0*v + 25 = p. Let n = v + 20. Calculate the greatest common factor of n and 3.
3
Let k = 51 - 45. Let i(q) = -4*q + 26. Let g be i(k). Suppose g*a = 33 + 3. Calculate the highest common factor of 2 and a.
2
Suppose 4*p + 3*g = -49099 + 215967, -166836 = -4*p + g. Calculate the highest common divisor of 53 and p.
53
Let w(b) be the third derivative of -5*b**4/8 - 44*b**3 + 23*b**2 - 2. Let i be w(-23). Calculate the greatest common divisor of i and 243.
81
Suppose -8*h = d - 413, -6*h + 453 = d - 8*h. Calculate the greatest common divisor of d and 1691.
89
Let x(o) = -284*o - 697. Let y be x(-9). What is the highest common divisor of 117 and y?
13
Let q(y) = y**2 - 23*y + 232. Let t be q(16). Suppose -24*a + 288 = -21*a. What is the highest common factor of t and a?
24
Suppose 11617 = 301*f + 7551 - 28442. Calculate the highest common factor of 16254 and f.
54
Let a = 171 + -125. Suppose a - 198 = -8*m. What is the highest common divisor of m and 19?
19
Let k(i) = -i + 25. Let v(q) = -2*q + 51. Let j(r) = -10*k(r) + 6*v(r). Let n be j(-7). What is the greatest common factor of n and 30?
10
Let p = -176 + 183. Suppose 0 = -3*v + 5*a + 1035, -v - p*a = -12*a - 355. What is the greatest common divisor of v and 68?
68
Let j be (-33)/(-165) - (-2322)/(-10). Let t = j - -240. Let c = 3 + -2. Calculate the highest common factor of c and t.
1
Let a(b) = b**3 + 6*b**2 - 6*b - 3. Let h be a(-6). Let l = h - 34. Let u = 12 - l. What is the highest common divisor of 65 and u?
13
Suppose -a - 2*a = -2*m + 24, -5*a = 5*m - 85. Suppose 49*z - 46*z + 186 = 4*k, 3*k = -z + 133. Calculate the highest common divisor of m and k.
15
Let u be 105/(-21) + (-2 - 432/(-2)). Let h = 447 + u. What is the greatest common divisor of 16 and h?
16
Let o be (-7)/(30/308 - (846/42 - 20)). What is the highest common divisor of 854 and o?
14
Suppose 0 = m - 197 - 35. Let w = m + -183. What is the greatest common divisor of 14 and w?
7
Let l = 306 - 294. Let b be l + 14/2 + -4. Calculate the highest common divisor of 15 and b.
15
Suppose 146*f = 122*f + 13752. What is the highest common divisor of f and 4966?
191
Let w be (-2)/(-8) - (-3 - 228/48). Suppose 3*b + 4*h = 186, -w*b + h = -7*b - 62. Calculate the highest common divisor of 434 and b.
62
Suppose -4*o - 13 + 29 = 0, 3*j + 1 = 4*o. What is the greatest common divisor of j and 7895?
5
Let z be (-2)/(-15) - ((-6008884)/420 + 17). Calculate the greatest common divisor of 40 and z.
10
Let h be ((-3182)/(-259))/43 - (-8)/14*731. Calculate the greatest common divisor of h and 264.
22
Let q = 1398 - 982. Suppose 4*i - 44 = -v + 2*i, 0 = 3*v + 3*i - 144. Calculate the greatest common divisor of v and q.
52
Let l(c) = 3*c**2 - 69*c - 37. Let v be l(24). Suppose v = 2*s - 17. Calculate the highest common divisor of 26 and s.
26
Suppose 31*b + 38*b - 22*b = 1363. What is the greatest common divisor of 174 and b?
29
Let m(l) = 20*l**2 + 4*l - 4. Let v be m(2). Let b(j) = -2*j**3 - 28*j**2 - j + 28. Let f be b(-14). Calculate the highest common divisor of v and f.
42
Let d = -6416 + 6552. Calculate the greatest common factor of 493 and d.
17
Suppose -54*w = -2798 - 766. What is the highest common factor of w and 2442?
66
Let a be (0 + 24)*(-3)/(-9)*3. Let r = -228 + 573. Suppose y = -2*h - 0*y + 339, -2*h = 3*y - r. Calculate the highest common factor of a and h.
24
Suppose 1540 = 590*t - 568*t. What is the highest common divisor of t and 4858?
14
Let a(o) = 7*o + 68. Let s be a(-7). Suppose -12*r = -s*r + 406. What is the greatest common divisor of 232 and r?
58
Suppose -3*r + 4*i = 59, 4*r - 3*r + 4*i = -25. Let d = 169 - r. What is the highest common factor of 38 and d?
38
Let l be 2 + 110 + (-26)/(52/4). What is the greatest common factor of l and 10?
10
Suppose 129*p = 124*p + 5. Let t be (30/3 - -3)*p. Suppose -3*b = -t - 299. Calculate the greatest common divisor of b and 13.
13
Let u(f) = 2*f**2 - 2*f - 2. Let n be u(-3). Let m(t) = 1572*t - 4342. Let q be m(3). What is the highest common factor of n and q?
22
Let s = 7447 + -7337. What is the greatest common divisor of 15136 and s?
22
Let g be (-8)/(-16)*(-8)/(-2). What is the greatest common factor of 250 and g?
2
Let z be -18 + 20 + 2 + 2. Suppose 5*f + 5*k - 380 = 0, -z*k + 9*k = -2*f + 156. What is the greatest common divisor of 27 and f?
9
Let c be (761/(-5) - (-10 + 13))*5. Let a = 832 + c. What is the highest common factor of 168 and a?
56
Let t(d) = -d**3 - d**2 + d + 2. Suppose 0*y = 7*y + y. Let l be t(y). Let b be (0/l - -1)*41. Calculate the greatest common divisor of b and 41.
41
Suppose -d = -5*v - 100 + 1148, 3*d + 204 = v. Calculate the greatest common divisor of v and 78.
6
Let p(k) = -121*k - 1. Let a be p(-4). Suppose -a - 237 = -6*v. Calculate the greatest common divisor of v and 10.
10
Let m = 14289 - 14043. Calculate the highest common divisor of m and 3731.
41
Suppose -3*c - 4*w + 27 = -0*c, 5*c + w = 45. Suppose 202 = t + 5*v, 5*t = 7*t + v - 413. Calculate the highest common factor of t and c.
9
Let v = 703 + -414. Let a = 969 + -935. Calculate the highest common divisor of a and v.
17
Let g = -174 - -472. Let a = -258 + g. Calculate the highest